 - q. What is the remainder when 54 is divided by x?
26
What is the remainder when 78 is divided by -2*(-11 - (1 - 2))?
18
Suppose -4*y + 133 - 17 = 0. Calculate the remainder when y is divided by 5.
4
Suppose 3*g + 36 = -3*n - 12, 3*n - 5*g = -16. Let k = 41 + n. What is the remainder when k is divided by 15?
14
Suppose z - 2*i = 0, 4*z = 2*z - i + 25. Calculate the remainder when 8/(-40) + 562/z is divided by 19.
18
Let y = -1 - -4. Suppose 2*g - 5 + 19 = 2*l, -5*l + 4*g = -38. What is the remainder when 28 + (0/y - -1) is divided by l?
9
Suppose 0 = -5*m + 20 + 5. Suppose y = -2*h + 3*h - 2, y + h = 8. Calculate the remainder when m is divided by y.
2
Let i = 6 + 7. Let a(h) = -3*h**2 + 3*h + 7*h**3 - 2 + 2. Calculate the remainder when a(2) is divided by i.
11
Let z(m) = -2*m + 2. Suppose 4*q + 2 = 14. What is the remainder when z(-2) is divided by q?
0
Let i(w) = -w**3 - 7*w**2 + 8*w + 11. Let x = -11 + 6. Let j = x + 11. Calculate the remainder when i(-8) is divided by j.
5
Suppose -4*n + 0*n + 5*y + 99 = 0, 4*n = -5*y + 109. What is the remainder when n is divided by (28/(-6)*-3)/1?
12
Let u(z) = -4*z. Suppose -2*b = -g - 5*b + 14, g = -b + 4. Let s be u(g). Suppose -33 = s*p - 77. Calculate the remainder when 20 is divided by p.
9
Suppose 0 = h + h - 8. Suppose -c = 0, 3*y + 48 = -h*c - 132. Calculate the remainder when y/(-8) + 2/4 is divided by 5.
3
Suppose 4*u = 5*b - 40, -11 = 3*u - 5*b + 14. What is the remainder when 8 is divided by (-2)/(-5) + (-69)/u?
3
Suppose -5*o - 95 = -5*j, j = -4*o - 8 + 22. Let l(d) = -6*d + 4. Calculate the remainder when l(-5) is divided by j.
16
Suppose 5*f - 11 = -4*u + 22, u + 3*f = 17. What is the remainder when 6 is divided by u?
0
Suppose 3 = -4*g + 11. Suppose 0 = 5*j - 22 + g. What is the remainder when j is divided by 2?
0
Let c(f) = -f**2 - 5*f + 1. Let y(g) = -g**2 + 5*g - 1. Let l be y(7). Let h = l - -28. Calculate the remainder when h is divided by c(-4).
3
Suppose -p + 3*p + 2 = 0. Let t = -23 - -33. What is the remainder when 2 + ((-34)/2)/p is divided by t?
9
Suppose -6*a = -735 + 123. What is the remainder when a is divided by 28?
18
Let i(q) = 10*q + q**3 + 4*q - 6*q**2 - 7*q. Let z(p) = -p**2 - 11*p + 5. What is the remainder when z(-8) is divided by i(5)?
9
Let u(i) = i**3 - 7*i**2 + 7*i - 5. Let d be u(6). Let y be 2 + d + (1 - -101). Suppose -4*b + 79 = -y. Calculate the remainder when b is divided by 24.
22
Let o(i) = -i - 9. Let g be o(-8). Let f be 35 + (g - -3 - -1). Suppose -f = -3*p + p. Calculate the remainder when p is divided by 5.
4
Suppose 126 = 5*c - 79. Suppose -z + s + 23 = 2*z, 0 = 5*z + s - c. Suppose o = -3*o + z. Calculate the remainder when o is divided by 1.
0
Let q(r) = 2*r. Let o be q(0). Suppose o = 5*m - 50 - 5. What is the remainder when 42 is divided by m?
9
Suppose -i + 5*d + 8 = -0*i, 5*d + 14 = -2*i. Let s = 8 + i. Calculate the remainder when 9 is divided by s.
3
Let j(v) = 4*v - 27. What is the remainder when 16 is divided by j(8)?
1
Let w = 1 - 10. Let y = 17 + w. Let j(q) = -2*q + 9. What is the remainder when j(-7) is divided by y?
7
Let a(m) = 4*m**2 + 2*m + 4. Calculate the remainder when a(2) is divided by 13.
11
Let t(g) be the third derivative of 0*g + 0 + g**2 - 1/120*g**6 + 1/3*g**3 + 1/8*g**4 - 1/12*g**5. Calculate the remainder when t(-6) is divided by 7.
6
Let f = 11 + -8. What is the remainder when f is divided by 2?
1
Suppose -3*j + 3 = 15. Let l = 6 + 10. Calculate the remainder when 8 is divided by (-14)/j + (-8)/l.
2
Let c(n) = 7*n**2 + 1. Suppose 0 = -6*t + 3*t + 21. Suppose 30 = -4*k + t*k. What is the remainder when c(-2) is divided by k?
9
Calculate the remainder when (-98)/(-21)*15/2 is divided by 12.
11
Let v(a) = -a**3 - 6*a**2 - 4*a + 7. Let j be (-4 - -4) + 1 + -1. What is the remainder when (-1 - j)/((-1)/3) is divided by v(-5)?
1
Suppose 3*a + 5*a = 1576. Calculate the remainder when a is divided by 33.
32
Let w(x) = -15*x - 16. Calculate the remainder when 38 is divided by w(-2).
10
Let j(g) = -11*g**3 + 1. Calculate the remainder when j(-1) is divided by 7.
5
Calculate the remainder when 93*((-16)/18 - -1)*3 is divided by 17.
14
Let l(d) be the second derivative of d**4/4 + d**3/6 - d**2/2 - d. Suppose 5*c = -15, 2*s = 5*s + 3*c + 15. What is the remainder when l(s) is divided by 5?
4
Suppose 3*l + u - 99 = -l, 5*l - 125 = -u. Calculate the remainder when l is divided by 10.
6
Suppose 3*h = -4 + 79. Suppose 7*g - 73 = -10. What is the remainder when h is divided by g?
7
Let h(j) = -j**3 - 6*j**2 - 6*j - 6. Let v(n) = -2*n**3 - 11*n**2 - 11*n - 12. Let m(y) = 5*h(y) - 2*v(y). What is the remainder when 1 is divided by m(-7)?
0
Let c(b) = -b**3 + 7*b**2 - 4*b - 2. Let y(n) = n**3 + 5*n**2 + n - 2. Let h be y(-4). Calculate the remainder when c(5) is divided by h*(-1*2 - -3).
8
Suppose -a + 14 = p + 4*a, -84 = -3*p - a. Calculate the remainder when p is divided by 8.
5
Calculate the remainder when -1 + 2 - ((6 - 8) + -154) is divided by 40.
37
Suppose -2*u + u + 4 = 0. What is the remainder when (-10)/(-15)*(-21)/(-2) is divided by u?
3
Let b = 8 + -3. Calculate the remainder when 3*(-4)/4 - -22 is divided by b.
4
Let r(c) = 5*c - 2. Let b be r(9). Suppose 0 = 3*g - b - 68. Suppose 0*w = w - 13. What is the remainder when g is divided by w?
11
Suppose -2 + 1 = 4*n - k, -n + 2*k = 2. Suppose n = g - 6*g - i + 73, -4*i - 23 = -g. What is the remainder when 29 is divided by g?
14
Let s be 700/21 + 2/3. Suppose 2*i + 0*i - s = 0. Calculate the remainder when 50 is divided by i.
16
Let f = 95 - 134. Let m = 69 + f. Suppose 3*g - 6*d = -2*d + m, -5*g = 2*d - 76. What is the remainder when g is divided by 5?
4
Suppose 2*x = 3 + 7. Calculate the remainder when (176/20)/(1/x) is divided by 15.
14
Suppose -2*p = -3 - 25. What is the remainder when p is divided by 8?
6
Calculate the remainder when 12/(-18) - 130/(-6) is divided by 13.
8
Suppose 36 = 5*p + 11. Calculate the remainder when 14 is divided by p.
4
Let z be ((-4)/(-8))/(2/8). Suppose 2*o = -5*r + 5, -o + z*o + 5*r + 5 = 0. Calculate the remainder when 13 is divided by (12/o)/((-21)/(-140)).
5
Let i = 48 + -25. What is the remainder when i is divided by 12?
11
Let d(w) = 21*w - 89. Let x = 79 + -50. What is the remainder when x is divided by d(5)?
13
Let m(c) = 6*c - 1. Let n be m(1). Suppose -20 = -n*t + 5. Calculate the remainder when 13 is divided by t.
3
Let b(m) = m**2 + 41. Let i(d) = -d**3 + 6*d**2 - d - 6. Let a(t) = t**2 - 11*t + 15. Let q be a(10). What is the remainder when b(0) is divided by i(q)?
13
Let a be 2*1/(-2)*-5. Suppose 7 = 2*q + a*o + 53, 4*o + 83 = -3*q. Let z = -13 - q. What is the remainder when 59 is divided by z?
19
Calculate the remainder when (14/5)/((-13)/(-130)) is divided by 10.
8
Let s(r) = r**2 - 6*r + 12. What is the remainder when 35 is divided by s(6)?
11
Suppose 7 = 4*b - 5. Suppose 2*s = -b*s + 220. What is the remainder when s is divided by -1 - -2*2*4?
14
Let o = -2 - -5. Calculate the remainder when (o + -4)/((-2)/64) is divided by 17*(2 + 3/(-3)).
15
Let b = 34 + -22. Calculate the remainder when 30 is divided by b.
6
Let z be (2/3)/((-6)/(-54)). Let c(g) = g**2 - 5*g - 2. What is the remainder when 9 is divided by c(z)?
1
Let q = -36 + 74. Calculate the remainder when 73 is divided by q.
35
Suppose 4*a - 2*a + 50 = 0. Let r = a - -36. Suppose z + 2*x - 2 = -3*z, -4*z = 5*x + 13. Calculate the remainder when r is divided by z.
2
Let q(w) = w**2 + 5*w - 1. Let d be q(-4). Let v = d - -21. What is the remainder when v is divided by 9?
7
Let c = 32 + 1. What is the remainder when c is divided by 18?
15
Let t(r) = r**3 - 18*r**2 + 18*r - 8. What is the remainder when t(17) is divided by 9?
0
Let b(j) = 5*j**3 - 2*j + 1. Let v be b(1). Suppose 4*h - 14 = -3*c + c, -v*h - 91 = -5*c. Calculate the remainder when 44 is divided by c.
14
Suppose 3*u - 11 - 10 = 0. Suppose -u*y + 2*y = 280. Let f = -23 - y. Calculate the remainder when f is divided by 12.
9
Suppose 2*q - q - 1 = -5*s, -4*q - 2*s = -94. What is the remainder when 47 is divided by q?
21
Suppose 13 = -n - 2*q + 74, 5*n - 337 = -2*q. Calculate the remainder when n is divided by 18.
15
Calculate the remainder when 53 is divided by (-4)/6 - 220/(-15).
11
Suppose -5*i + 4*n -